{"id":4090,"date":"2022-03-28T09:57:28","date_gmt":"2022-03-28T09:57:28","guid":{"rendered":"https:\/\/sentrumslopet.mittmagasin.online\/?page_id=4090"},"modified":"2022-06-29T08:20:35","modified_gmt":"2022-06-29T08:20:35","slug":"innhold","status":"publish","type":"page","link":"https:\/\/trondheim-maraton.mittmagasin.online\/?page_id=4090","title":{"rendered":"Innhold"},"content":{"rendered":"<p>\n    <a href=\"\/index.php\">Forrige side<\/a>\n<\/p>\n<p>\n    <a href=\"\/index.php?page_id=4654\">Neste side<\/a>\n<\/p>\n<h1>Innhold<\/h1>\n<ul>\n<li>\n<p><a href=\"\/index.php?page_id=4654\"><\/p>\n<p>Leder<\/p>\n<p><\/a><\/p>\n<\/li>\n<li>\n<p><a href=\"\/index.php?page_id=4671\"><\/p>\n<p>Polar<\/p>\n<p><\/a><\/p>\n<\/li>\n<li>\n<p><a href=\"\/index.php?page_id=4673\"><\/p>\n<p><span>Velkommen fra ordf\u00f8reren<\/span><\/p>\n<p><\/a><\/p>\n<\/li>\n<li>\n<p><a href=\"\/index.php?page_id=4681\"><\/p>\n<p>Sm\u00e5stoff<\/p>\n<p><\/a><\/p>\n<\/li>\n<li>\n<p><a href=\"\/index.php?page_id=4737\"><\/p>\n<p>Stiftelsen Organdonasjon<\/p>\n<p><\/a><\/p>\n<\/li>\n<li>\n<p><a href=\"\/index.php?page_id=4739\"><\/p>\n<p>Deltakerinformasjon<\/p>\n<p><\/a><\/p>\n<\/li>\n<li>\n<p><a href=\"\/index.php?page_id=4748\"><\/p>\n<p>L\u00f8ypekart<\/p>\n<p><\/a><\/p>\n<\/li>\n<li>\n<p><a href=\"\/index.php?page_id=4806\"><\/p>\n<p>Tanja Christine Gaivoronski<\/p>\n<p><\/a><\/p>\n<\/li>\n<li>\n<p><a href=\"\/index.php?page_id=4880\"><\/p>\n<p>Ambassad\u00f8rene er ansiktet utad<\/p>\n<p><\/a><\/p>\n<\/li>\n<li>\n<p><a href=\"\/index.php?page_id=4828\"><\/p>\n<p>Kosthold for spreke kropper, del 1<\/p>\n<p><\/a><\/p>\n<\/li>\n<li>\n<p><a href=\"\/index.php?page_id=4852\"><\/p>\n<p>Kosthold for spreke kropper, del 2<\/p>\n<p><\/a><\/p>\n<\/li>\n<li>\n<p><a href=\"\/index.php?page_id=4898\"><\/p>\n<p>Hof toppers<\/p>\n<p><\/a><\/p>\n<\/li>\n<li>\n<p><a href=\"\/index.php?page_id=4901\"><\/p>\n<p>Slik trener mosjonistene<\/p>\n<p><\/a><\/p>\n<\/li>\n<li>\n<p><a href=\"\/index.php?page_id=4912\"><\/p>\n<p>Hvilke l\u00f8pesko gir best l\u00f8ps\u00f8konomi?<\/p>\n<p><\/a><\/p>\n<\/li>\n<li>\n<p><a href=\"\/index.php?page_id=4928\"><\/p>\n<p>Team Kondis<\/p>\n<p><\/a><\/p>\n<\/li>\n<li>\n<p><a href=\"\/index.php?page_id=4930\"><\/p>\n<p>Drikkeprodusenten Fuel of Norway sine r\u00e5d om drikke<\/p>\n<p><\/a><\/p>\n<\/li>\n<li>\n<p><a href=\"\/index.php?page_id=4941\"><\/p>\n<p>Bli medlem i Kondis<\/p>\n<p><\/a><\/p>\n<\/li>\n<li>\n<p><a href=\"\/index.php?page_id=4973\"><\/p>\n<p>Energip\u00e5fyll n\u00e5r du trenger det<\/p>\n<p><\/a><\/p>\n<\/li>\n<li>\n<p><a href=\"\/index.php?page_id=4988\"><\/p>\n<p>Samarbeider med Norges f\u00f8rste paraidrettssenter<\/p>\n<p><\/a><\/p>\n<\/li>\n<li>\n<p><a href=\"\/index.php?page_id=5008\"><\/p>\n<p>Neste m\u00e5l: Trondheim Skogsmaraton<\/p>\n<p><\/a><\/p>\n<\/li>\n<li>\n<p><a href=\"\/index.php?page_id=5022\"><\/p>\n<p>Bli medlem i Kondis, medlemsfordeler<\/p>\n<p><\/a><\/p>\n<\/li>\n<\/ul>\n<p><img decoding=\"async\" src=\"\/wp-content\/uploads\/2022\/06\/TM-2022-1-scaled.jpg\" alt=\"\"><\/p>\n<div>\n<p style=\"font-weight: 400;\"><strong>Kondis<br \/><\/strong>Post- og bes\u00f8ksadresse:<br \/>Sognsveien 75 A, 0855 Oslo<br \/>Tlf: 22 60 94 70<br \/>Internett: Kondis.no<br \/>E-post: <a href=\"mailto:kondis@kondis.no\">kondis@kondis.no<\/a><\/p>\n<p style=\"font-weight: 400;\"><strong>Ansvarlig redakt\u00f8r:<br \/><\/strong>Marianne R\u00f8hme<br \/>Tlf: 415 09 061<br \/>E-post: <a href=\"mailto:marianne.rohme@kondis.no\">marianne.rohme@kondis.no<\/a><\/p>\n<p style=\"font-weight: 400;\"><strong>Ansvarlig utgiver: <br \/><\/strong>Sparebank 1 SMN Trondheim Maraton<\/p>\n<p style=\"font-weight: 400;\"><strong>Annonser:<br \/><\/strong>Trond Hansen, tlf: 412 78\u00a0472<\/p>\n<p style=\"font-weight: 400;\"><strong>Kontakt arrang\u00f8r:<br \/><\/strong>Bedriftsidretten Midt-Norge<br \/>Ingvald Ystgaardsvei 3A<br \/>7047 Trondheim<\/p>\n<p style=\"font-weight: 400;\"><strong><img loading=\"lazy\" decoding=\"async\" src=\"https:\/\/trondheim-maraton.mittmagasin.online\/wp-content\/uploads\/2022\/06\/TM-2019-KTL-114.jpg\" alt=\"\" width=\"186\" height=\"216\" class=\"wp-image-5510 alignleft\" srcset=\"https:\/\/trondheim-maraton.mittmagasin.online\/wp-content\/uploads\/2022\/06\/TM-2019-KTL-114.jpg 374w, https:\/\/trondheim-maraton.mittmagasin.online\/wp-content\/uploads\/2022\/06\/TM-2019-KTL-114-257x300.jpg 257w\" sizes=\"auto, (max-width: 186px) 100vw, 186px\" \/>Prosjektansvarlig:<br \/><\/strong>Morten R. Eliassen<br \/>e-post: <a href=\"mailto:post@trondheimmaraton.no\">post@trondheimmaraton.no<\/a><\/p>\n<\/div>\n<p>\n    <a href=\"\/index.php\">Forrige side<\/a>\n<\/p>\n<p>\n    <a href=\"\/index.php?page_id=4654\">Neste side<\/a>\n<\/p>\n<p><!--more--><br \/>\n<!-- {\"type\":\"layout\",\"children\":[{\"type\":\"section\",\"props\":{\"style\":\"default\",\"width\":\"default\",\"vertical_align\":\"middle\",\"title_position\":\"top-left\",\"title_rotation\":\"left\",\"title_breakpoint\":\"xl\",\"image_position\":\"center-center\",\"padding\":\"xsmall\",\"padding_remove_top\":false},\"children\":[{\"type\":\"row\",\"props\":{\"layout\":\"1-2,1-2\"},\"children\":[{\"type\":\"column\",\"props\":{\"position_sticky_breakpoint\":\"m\",\"image_position\":\"center-center\",\"media_overlay_gradient\":\"\",\"width_medium\":\"1-2\"},\"children\":[{\"type\":\"button\",\"props\":{\"grid_column_gap\":\"small\",\"grid_row_gap\":\"small\",\"margin\":\"default\",\"position\":\"absolute\"},\"children\":[{\"type\":\"button_item\",\"props\":{\"button_style\":\"danger\",\"icon_align\":\"left\",\"content\":\"Forrige side\",\"link\":\"index.php\"}}]}]},{\"type\":\"column\",\"props\":{\"position_sticky_breakpoint\":\"m\",\"image_position\":\"center-center\",\"media_overlay_gradient\":\"\",\"width_medium\":\"1-2\"},\"children\":[{\"type\":\"button\",\"props\":{\"grid_column_gap\":\"small\",\"grid_row_gap\":\"small\",\"margin\":\"default\",\"text_align\":\"right\",\"position\":\"absolute\"},\"children\":[{\"type\":\"button_item\",\"props\":{\"button_style\":\"danger\",\"icon_align\":\"left\",\"content\":\"Neste side\",\"link\":\"index.php?page_id=4654\"}}]}]}]}]},{\"type\":\"section\",\"props\":{\"style\":\"default\",\"width\":\"default\",\"vertical_align\":\"middle\",\"title_position\":\"top-left\",\"title_rotation\":\"left\",\"title_breakpoint\":\"xl\",\"image_position\":\"center-center\",\"padding\":\"small\"},\"children\":[{\"type\":\"row\",\"props\":{\"layout\":\"1-3,1-3,1-3\"},\"children\":[{\"type\":\"column\",\"props\":{\"position_sticky_breakpoint\":\"m\",\"image_position\":\"center-center\",\"media_overlay_gradient\":\"\",\"width_medium\":\"1-3\"},\"children\":[{\"type\":\"headline\",\"props\":{\"title_element\":\"h1\",\"content\":\"Innhold\"}},{\"type\":\"list\",\"props\":{\"show_image\":true,\"show_link\":true,\"list_type\":\"vertical\",\"list_element\":\"ul\",\"list_horizontal_separator\":\", \",\"column_breakpoint\":\"m\",\"image_svg_color\":\"emphasis\",\"image_align\":\"left\",\"image_vertical_align\":true},\"children\":[{\"type\":\"list_item\",\"props\":{\"content\":\"\n\n<p>Leder<\\\/p>\",\"link\":\"index.php?page_id=4654\"}},{\"type\":\"list_item\",\"props\":{\"content\":\"\n\n<p>Polar<\\\/p>\",\"link\":\"index.php?page_id=4671\"}},{\"type\":\"list_item\",\"props\":{\"content\":\"\n\n<p><span>Velkommen fra ordf\\u00f8reren<\\\/span><\\\/p>\",\"link\":\"index.php?page_id=4673\"}},{\"type\":\"list_item\",\"props\":{\"content\":\"\n\n<p>Sm\\u00e5stoff<\\\/p>\",\"link\":\"index.php?page_id=4681\"}},{\"type\":\"list_item\",\"props\":{\"content\":\"\n\n<p>Stiftelsen Organdonasjon<\\\/p>\",\"link\":\"index.php?page_id=4737\"}},{\"type\":\"list_item\",\"props\":{\"content\":\"\n\n<p>Deltakerinformasjon<\\\/p>\",\"link\":\"index.php?page_id=4739\"}},{\"type\":\"list_item\",\"props\":{\"content\":\"\n\n<p>L\\u00f8ypekart<\\\/p>\",\"link\":\"index.php?page_id=4748\"}},{\"type\":\"list_item\",\"props\":{\"content\":\"\n\n<p>Tanja Christine Gaivoronski<\\\/p>\",\"link\":\"index.php?page_id=4806\"}},{\"type\":\"list_item\",\"props\":{\"content\":\"\n\n<p>Ambassad\\u00f8rene er ansiktet utad<\\\/p>\",\"link\":\"index.php?page_id=4880\"}},{\"type\":\"list_item\",\"props\":{\"content\":\"\n\n<p>Kosthold for spreke kropper, del 1<\\\/p>\",\"link\":\"index.php?page_id=4828\"}},{\"type\":\"list_item\",\"props\":{\"content\":\"\n\n<p>Kosthold for spreke kropper, del 2<\\\/p>\",\"link\":\"index.php?page_id=4852\"}},{\"type\":\"list_item\",\"props\":{\"content\":\"\n\n<p>Hof toppers<\\\/p>\",\"link\":\"index.php?page_id=4898\"}},{\"type\":\"list_item\",\"props\":{\"content\":\"\n\n<p>Slik trener mosjonistene<\\\/p>\",\"link\":\"index.php?page_id=4901\"}},{\"type\":\"list_item\",\"props\":{\"content\":\"\n\n<p>Hvilke l\\u00f8pesko gir best l\\u00f8ps\\u00f8konomi?<\\\/p>\",\"link\":\"index.php?page_id=4912\"}},{\"type\":\"list_item\",\"props\":{\"content\":\"\n\n<p>Team Kondis<\\\/p>\",\"link\":\"index.php?page_id=4928\"}},{\"type\":\"list_item\",\"props\":{\"content\":\"\n\n<p>Drikkeprodusenten Fuel of Norway sine r\\u00e5d om drikke<\\\/p>\",\"link\":\"index.php?page_id=4930\"}},{\"type\":\"list_item\",\"props\":{\"content\":\"\n\n<p>Bli medlem i Kondis<\\\/p>\",\"link\":\"index.php?page_id=4941\"}},{\"type\":\"list_item\",\"props\":{\"content\":\"\n\n<p>Energip\\u00e5fyll n\\u00e5r du trenger det<\\\/p>\",\"link\":\"index.php?page_id=4973\"}},{\"type\":\"list_item\",\"props\":{\"content\":\"\n\n<p>Samarbeider med Norges f\\u00f8rste paraidrettssenter<\\\/p>\",\"link\":\"index.php?page_id=4988\"}},{\"type\":\"list_item\",\"props\":{\"content\":\"\n\n<p>Neste m\\u00e5l: Trondheim Skogsmaraton<\\\/p>\",\"link\":\"index.php?page_id=5008\"}},{\"type\":\"list_item\",\"props\":{\"content\":\"\n\n<p>Bli medlem i Kondis, medlemsfordeler<\\\/p>\",\"link\":\"index.php?page_id=5022\"}}]}]},{\"type\":\"column\",\"props\":{\"position_sticky_breakpoint\":\"m\",\"image_position\":\"center-center\",\"media_overlay_gradient\":\"\",\"width_medium\":\"1-3\",\"style\":\"muted\",\"padding\":\"xsmall\"},\"children\":[{\"type\":\"image\",\"props\":{\"margin\":\"default\",\"image_svg_color\":\"emphasis\",\"image\":\"wp-content\\\/uploads\\\/2022\\\/06\\\/TM-2022-1-scaled.jpg\"}}]},{\"type\":\"column\",\"props\":{\"position_sticky_breakpoint\":\"m\",\"image_position\":\"center-center\",\"media_overlay_gradient\":\"\",\"width_medium\":\"1-3\"},\"children\":[{\"type\":\"text\",\"props\":{\"margin\":\"default\",\"column_breakpoint\":\"m\",\"content\":\"\n\n<p style=\\\"font-weight: 400;\\\"><strong>Kondis<br \\\/><\\\/strong>Post- og bes\\u00f8ksadresse:<br \\\/>Sognsveien 75 A, 0855 Oslo<br \\\/>Tlf: 22 60 94 70<br \\\/>Internett: Kondis.no<br \\\/>E-post: <a href=\\\"mailto:kondis@kondis.no\\\">kondis@kondis.no<\\\/a><\\\/p>\\n\n\n<p style=\\\"font-weight: 400;\\\"><strong>Ansvarlig redakt\\u00f8r:<br \\\/><\\\/strong>Marianne R\\u00f8hme<br \\\/>Tlf: 415 09 061<br \\\/>E-post: <a href=\\\"mailto:marianne.rohme@kondis.no\\\">marianne.rohme@kondis.no<\\\/a><\\\/p>\\n\n\n<p style=\\\"font-weight: 400;\\\"><strong>Ansvarlig utgiver: <br \\\/><\\\/strong>Sparebank 1 SMN Trondheim Maraton<\\\/p>\\n\n\n<p style=\\\"font-weight: 400;\\\"><strong>Annonser:<br \\\/><\\\/strong>Trond Hansen, tlf: 412 78\\u00a0472<\\\/p>\\n\n\n<p style=\\\"font-weight: 400;\\\"><strong>Kontakt arrang\\u00f8r:<br \\\/><\\\/strong>Bedriftsidretten Midt-Norge<br \\\/>Ingvald Ystgaardsvei 3A<br \\\/>7047 Trondheim<\\\/p>\\n\n\n<p style=\\\"font-weight: 400;\\\"><strong><img src=\\\"https:\\\/\\\/trondheim-maraton.mittmagasin.online\\\/wp-content\\\/uploads\\\/2022\\\/06\\\/TM-2019-KTL-114.jpg\\\" alt=\\\"\\\" width=\\\"186\\\" height=\\\"216\\\" class=\\\"wp-image-5510 alignleft\\\" \\\/>Prosjektansvarlig:<br \\\/><\\\/strong>Morten R. Eliassen<br \\\/>e-post: <a href=\\\"mailto:post@trondheimmaraton.no\\\">post@trondheimmaraton.no<\\\/a><\\\/p>\"}}]}]}]},{\"type\":\"section\",\"props\":{\"style\":\"default\",\"width\":\"default\",\"vertical_align\":\"middle\",\"title_position\":\"top-left\",\"title_rotation\":\"left\",\"title_breakpoint\":\"xl\",\"image_position\":\"center-center\",\"padding_remove_top\":true},\"children\":[{\"type\":\"row\",\"props\":{\"layout\":\"1-2,1-2\"},\"children\":[{\"type\":\"column\",\"props\":{\"position_sticky_breakpoint\":\"m\",\"image_position\":\"center-center\",\"media_overlay_gradient\":\"\",\"width_medium\":\"1-2\"},\"children\":[{\"type\":\"button\",\"props\":{\"grid_column_gap\":\"small\",\"grid_row_gap\":\"small\",\"margin\":\"default\",\"position\":\"absolute\"},\"children\":[{\"type\":\"button_item\",\"props\":{\"button_style\":\"danger\",\"icon_align\":\"left\",\"content\":\"Forrige side\",\"link\":\"index.php\"}}]}]},{\"type\":\"column\",\"props\":{\"position_sticky_breakpoint\":\"m\",\"image_position\":\"center-center\",\"media_overlay_gradient\":\"\",\"width_medium\":\"1-2\"},\"children\":[{\"type\":\"button\",\"props\":{\"grid_column_gap\":\"small\",\"grid_row_gap\":\"small\",\"margin\":\"default\",\"text_align\":\"right\",\"position\":\"absolute\"},\"children\":[{\"type\":\"button_item\",\"props\":{\"button_style\":\"danger\",\"icon_align\":\"left\",\"content\":\"Neste side\",\"link\":\"index.php?page_id=4654\"}}]}]}]}]}],\"version\":\"2.7.22\"} --><\/p>\n","protected":false},"excerpt":{"rendered":"<p>Forrige side Neste side Innhold Leder Polar Velkommen fra ordf\u00f8reren Sm\u00e5stoff Stiftelsen Organdonasjon Deltakerinformasjon L\u00f8ypekart Tanja Christine Gaivoronski Ambassad\u00f8rene er ansiktet utad Kosthold for spreke kropper, del 1 Kosthold for spreke kropper, del 2 Hof toppers Slik trener mosjonistene Hvilke l\u00f8pesko gir best l\u00f8ps\u00f8konomi? Team Kondis Drikkeprodusenten Fuel of Norway sine r\u00e5d om drikke Bli [&hellip;]<\/p>\n","protected":false},"author":1,"featured_media":0,"parent":0,"menu_order":1,"comment_status":"closed","ping_status":"closed","template":"","meta":{"footnotes":""},"class_list":["post-4090","page","type-page","status-publish","hentry"],"acf":[],"_links":{"self":[{"href":"https:\/\/trondheim-maraton.mittmagasin.online\/index.php?rest_route=\/wp\/v2\/pages\/4090","targetHints":{"allow":["GET"]}}],"collection":[{"href":"https:\/\/trondheim-maraton.mittmagasin.online\/index.php?rest_route=\/wp\/v2\/pages"}],"about":[{"href":"https:\/\/trondheim-maraton.mittmagasin.online\/index.php?rest_route=\/wp\/v2\/types\/page"}],"author":[{"embeddable":true,"href":"https:\/\/trondheim-maraton.mittmagasin.online\/index.php?rest_route=\/wp\/v2\/users\/1"}],"replies":[{"embeddable":true,"href":"https:\/\/trondheim-maraton.mittmagasin.online\/index.php?rest_route=%2Fwp%2Fv2%2Fcomments&post=4090"}],"version-history":[{"count":102,"href":"https:\/\/trondheim-maraton.mittmagasin.online\/index.php?rest_route=\/wp\/v2\/pages\/4090\/revisions"}],"predecessor-version":[{"id":5545,"href":"https:\/\/trondheim-maraton.mittmagasin.online\/index.php?rest_route=\/wp\/v2\/pages\/4090\/revisions\/5545"}],"wp:attachment":[{"href":"https:\/\/trondheim-maraton.mittmagasin.online\/index.php?rest_route=%2Fwp%2Fv2%2Fmedia&parent=4090"}],"curies":[{"name":"wp","href":"https:\/\/api.w.org\/{rel}","templated":true}]}}